 remainder when 89 is divided by h.
20
Let a = -166 - -187. Calculate the remainder when 41 is divided by a.
20
Suppose -3*k = -9, -3*x - 4*k = x - 244. Let n = -27 + x. Let q = -16 + n. Calculate the remainder when 57 is divided by q.
12
Let s = 9 + -4. Suppose m + 4*m = s. Suppose 5*h + 2 - 12 = 0. What is the remainder when h is divided by m?
0
Let q(c) = 58*c - 415. What is the remainder when 486 is divided by q(8)?
45
Let h(i) = 28*i**2 + 2*i - 1. Suppose 5*f = -2*p + 1 - 4, -5*p + 8 = -3*f. What is the remainder when 114 is divided by h(p)?
27
Let c(f) be the second derivative of -f**4/12 - 4*f**3 - 11*f**2 + 35*f. Calculate the remainder when c(-14) is divided by 17.
16
Let v be -2*3/6 + 23. Suppose 0 = j - v - 21. Let u = j - -23. What is the remainder when u is divided by 23?
20
Let o = -28 + 35. Calculate the remainder when 4 - (-109 + (o - 3)) is divided by 16.
13
Suppose 0 = -v + 1, -q = 3*q - 4*v - 8. Suppose u + 0*u - 65 = 2*f, -5*f = q*u - 217. What is the remainder when u is divided by 18?
15
Suppose 0*o = 7*o + 77. Let v = o - -19. What is the remainder when 27 is divided by v?
3
Let s be (129/12)/(4/32). Suppose -3*n - 20 + s = 0. What is the remainder when 65 is divided by n?
21
Suppose 0 = 5*a - d + 205, -5*a - 278 + 73 = -5*d. Let s = a - -94. What is the remainder when s is divided by 14?
11
Suppose -3828 = 82*d - 93*d. Calculate the remainder when d is divided by 10.
8
Let b = 187 - 180. Let r = 21 - 9. Calculate the remainder when r is divided by b.
5
Let h(i) = i**2 + 2*i - 1. Let v be h(-3). Suppose 0 = n - v*n + 8. Let z = 60 + -45. What is the remainder when z is divided by n?
7
Let h = -1 - -12. What is the remainder when h is divided by 8 + -9 + 9 - 4?
3
Let m = 6 - 5. Let a = m - -15. Calculate the remainder when a/(((-14)/4)/(-7)) is divided by 17.
15
Suppose -2*t = 8, 3*q + 5*t + 14 = -0*q. Suppose 5*o = 3*d - 55, -3*d + 6*o + 56 = q*o. Calculate the remainder when 39 is divided by d.
19
Suppose 4 = -4*o, 2*o - 138 = -4*m - 48. Let y = m + -23. Suppose 5*t = 5*x + 74 + 356, y = -3*t - 4*x + 286. Calculate the remainder when t is divided by 23.
21
Suppose -39 - 12 = -o + 4*z, 2*o - 5*z - 102 = 0. Suppose 7*y - 4*y - 72 = -3*u, -2*u - 82 = -3*y. Calculate the remainder when o is divided by y.
25
Let s = 772 - 461. Calculate the remainder when s is divided by 21.
17
Let w(g) = -g + 1. Let b be w(-2). Suppose 0 = -u - b*u + 196. What is the remainder when 4*1/2 + u is divided by 13?
12
Let f = -80 + 105. Let v = 4 + 3. Calculate the remainder when f is divided by v/(-35) + (-46)/(-5).
7
Let u = 56 + -56. Suppose u = 2*r - 5 + 1. Calculate the remainder when r is divided by 1.
0
Suppose -12 = -4*j - 28. Calculate the remainder when (438/j)/((-9)/6) is divided by 15.
13
Calculate the remainder when 755 is divided by (-456)/(-20) + 22/110.
19
Let r = 8 - -8. Suppose 0 = -2*y - 5*w - 255, -3*w - 335 = 3*y - 5*w. What is the remainder when (y - 7)/(1*-2) is divided by r?
13
Let w(f) = -11*f - 50. Suppose 3*m = -m + 592. Calculate the remainder when m is divided by w(-8).
34
Suppose -2*y - 15*o = -13*o - 38, -3*o = -15. What is the remainder when 76 is divided by y?
6
What is the remainder when (-537)/(-6) - (-42)/28 is divided by 19?
15
Let a = 28 - 15. Let v(n) = 5*n**2 + 39*n - 20. Let o(t) = -2*t**2 - 13*t + 7. Let w(x) = 8*o(x) + 3*v(x). What is the remainder when w(8) is divided by a?
10
Let l = -46 - -159. Calculate the remainder when l is divided by 23.
21
Let v(j) = -j**3 - 7*j**2 + j + 4. Let n be v(-7). Suppose -z + 6*z - 150 = 0. Calculate the remainder when z is divided by ((-14)/n)/(-7) - (-50)/3.
14
Suppose 6*a + 2517 = 7023. Suppose 425 + a = 12*v. What is the remainder when v is divided by 51?
47
Let x(f) = -f**2 - 26*f + 325. Let w = 16 + -11. Suppose 0 = w*q - 82 + 7. What is the remainder when q is divided by x(-35)?
5
Let a = 1 + 1. What is the remainder when 18 is divided by a/2 - 54/(-9)?
4
Suppose -2*v = -4*f + 248, 3*v + 344 = -5*f - 6. Calculate the remainder when (-2416)/v - 4/30 is divided by 12.
8
Suppose 254 - 24 = 2*z. Suppose -17*w + 513 = 3. Calculate the remainder when z is divided by w.
25
Suppose 0 = 4*w - 27 - 33. Suppose 384 = 5*u - 3*r, -6*u = -2*u - 4*r - 312. Let o = u + -48. What is the remainder when o is divided by w?
12
Let d = -1214 + 1596. Calculate the remainder when d is divided by 49.
39
Suppose 0 = -a - 4*b + 124, 3*a - 4*b = -b + 447. Calculate the remainder when a is divided by 33.
12
Let w = -63 + 120. Suppose 0 = i + 5, 3*h = 5*i - 2*i + w. Suppose -78 = -4*o + o. Calculate the remainder when o is divided by h.
12
Let i(o) = 4*o**2 + o. Suppose 1222 = 8*p - 330. What is the remainder when p is divided by i(3)?
38
Calculate the remainder when (17/(-51))/(2/(-1818)) is divided by 45.
33
Let f be 4/(-18) + 546/27 + 0. Let r = 173 - f. What is the remainder when r is divided by 13?
10
Let i(q) = 3*q**3 - 3*q**2 + 3*q - 1. Let n be i(1). Suppose n*d + 3*d + c = 57, -4*d = -5*c - 34. Calculate the remainder when 15 is divided by d.
4
Let i(l) = -l**3 + 3*l**2 - 3*l - 10. Calculate the remainder when 123 is divided by i(-2).
11
Let w be ((-1)/1)/(4 - 1281/321). Let l = w - -178. Calculate the remainder when l is divided by 36.
35
Suppose -2*z - 3 = 1. Let t = z - -10. What is the remainder when (31 - 2) + (2 - 0) is divided by t?
7
Suppose 0 = 1181*g - 1180*g - 48. What is the remainder when 286 is divided by g?
46
Suppose 3*s - 147 = -6*u + 3*u, 5*s - 65 = -u. What is the remainder when u is divided by 19?
7
Suppose -2*t + 3*n = -2 - 6, -5*t = -n - 20. Suppose -m + t*r = -118, -5*m - r - 61 = -651. Calculate the remainder when m is divided by 17.
16
Let z = -2 - 1. Let r be (3/1)/((-3)/z). What is the remainder when r/(-2) - (-632)/16 is divided by 10?
8
Let n(f) = -f**2 + 3*f + 3. Let j be n(6). Let b be 8/(-5) + j/(-25). Let g = 7 + b. Calculate the remainder when 15 is divided by g.
3
Let c = -2 - -23. Let p(a) = a - 5. What is the remainder when p(c) is divided by 9?
7
Let s = -327 + 377. What is the remainder when 298 is divided by s?
48
Let b(d) = 5*d**3 + 2*d**2 + 4*d - 5. Let f be b(2). Let m = -2 + f. Calculate the remainder when 193 is divided by m.
46
Let k(s) = -32*s - 3. Let q be k(-2). Suppose 2*y - 5*o + 7 - 33 = 0, 3*y - 2*o = q. Calculate the remainder when 43 is divided by y.
20
Let i be (-2)/(2*1/(-3)). Let s(n) = 7*n - 2. Let h(o) = -o**3 + 11*o**2 + 13*o - 5. Calculate the remainder when s(i) is divided by h(12).
5
Let d = 32 - 13. Calculate the remainder when (-70)/(-3)*25/(750/72) is divided by d.
18
Let b(w) = -13*w - 22. Calculate the remainder when b(-6) is divided by 58/3 - (-4)/6.
16
Let j = 546 - 417. Calculate the remainder when j is divided by 17.
10
Let f(n) = -66*n - 87. What is the remainder when f(-9) is divided by 30?
27
Suppose 4*u - u + 3*v + 3 = 0, -2*u - 3*v - 6 = 0. What is the remainder when 49 - u/9*0 is divided by 13?
10
Calculate the remainder when (-520)/(4/1)*(-1)/2 is divided by 23.
19
Suppose 175 = 3*x - 5*c, 4*x = 2*x - 5*c + 75. What is the remainder when x is divided by 26/6*48/16?
11
Suppose -2*m + 3*k = -103, 0 = m - 5*k - 28 - 6. Let a(z) = z**2 + 4*z + 3. Let c = 13 - 19. Calculate the remainder when m is divided by a(c).
14
Suppose -3*a + 20 = 2. Suppose 32 = a*t - 4*t. What is the remainder when t is divided by 7?
2
Let t(w) = 11*w + 50. What is the remainder when t(4) is divided by 14?
10
Let l be (-9)/2 - (-2)/4. Let i(n) = -27*n - 6. Let h(f) = -f. Let g(z) = -3*h(z) + i(z). Calculate the remainder when g(l) is divided by 23.
21
Let o be (-8 - -11) + (-29)/(-1). Let g = 43 - o. What is the remainder when g is divided by 7?
4
Suppose -14*i - 221 = -19*i - 2*f, -5*f - 71 = -2*i. What is the remainder when i is divided by -22*(2/(-4) - 0)?
10
Let g(p) = -p + 9. Calculate the remainder when 134 is divided by g(-5).
8
Let m(c) = 2*c**3 - 4*c**2 + 3. Suppose 0 = -5*w - 7 - 43. Calculate the remainder when m(3) is divided by (8/w)/(1/(-10)).
5
Let m = -32 + 37. Let f = 84 + m. What is the remainder when f is divided by 13?
11
Suppose 4 = 5*s + 2*v - 40, -2*s + 4*v + 32 = 0. Suppose 0 = -c + 1 + s. Calculate the remainder when c is divided by 6.
5
Suppose 0 = -i - j - 3*j - 3, -4 = -2*i - 3*j. Calculate the remainde